3 = 0, o = 3*y + 6. Suppose o = -2*d + 33 - 5. What is the units digit of d?
4
Let i(r) = -3 - 16*r + 4 - 3. Suppose -8 = -0*f + 4*f. What is the tens digit of i(f)?
3
Suppose 572 = 4*g - 372. Let v be (12/(-8))/((-6)/g). What is the units digit of -6 + (-1 - -4) + v?
6
Let q(s) = s**2 - 17*s + 4. Suppose 6 = 2*g - 8. Let z be q(g). Let b = -20 - z. What is the units digit of b?
6
Suppose 4*q = 4*z + 368, -3*q - 460 = 5*z - q. Let j = z + 150. What is the units digit of j?
8
Let w(t) = -t**3 + 12*t**2 - 18*t + 22. Let m be w(11). Let i = 164 + m. What is the hundreds digit of i?
1
Let w = -119 - -248. What is the hundreds digit of w?
1
Suppose -q + 0*t + 2*t - 91 = 0, t = q + 94. Let r = 18 - q. What is the units digit of r?
5
Let r be 1/((-10)/36)*-5. Let d be 8/(-5)*45/r. What is the tens digit of 20 - (6 + -2 + d)?
2
Let w = -42 - -84. Let v be -19*(-2 + w/3). What is the units digit of ((-1)/3)/(2/v)?
8
Let l(p) = 2*p**2 - 3*p + 2. Let c(w) = 6*w**2 - 9*w + 6. Let t(b) = b + 1. Let d be t(-12). Let s(a) = d*l(a) + 4*c(a). What is the tens digit of s(3)?
1
Let g(q) = -q**2 - 1. Let w(d) = -198*d**2 + 3*d + 2. Let c(l) = -2*g(l) - w(l). What is the hundreds digit of c(1)?
1
Let f(u) = 37*u + 10. What is the tens digit of f(12)?
5
Let l be 0 + (-4)/(-1) + 0. Suppose -t - t = -5*v - 31, 3*t - l*v - 29 = 0. Suppose -b + 1 = -t*q - q, 4*q - 12 = 0. What is the tens digit of b?
1
Let b = -22 - -24. Suppose -b*s = -4*s + 28. What is the tens digit of s?
1
Let i(j) = -167*j + 16. Let c be i(4). What is the units digit of (68/136)/(650/c - -1)?
3
Let i(b) = -4*b + 38 - 182*b**2 - 13*b + 194*b**2 - b**3. What is the units digit of i(9)?
8
Let l(b) = -2*b - b + 4*b**2 + 4*b. Let k be l(-1). Let u(z) = 11*z - 6. What is the units digit of u(k)?
7
Let d = 12 + -12. Suppose d = -q + 2, q = -4*a + 142. What is the units digit of a?
5
Let f(n) = -n + 9. Let m be f(-9). Suppose t = 4*t - m. Suppose -8*r = -t*r - 30. What is the units digit of r?
5
Suppose 5*z + 4*i = -11, 3*z + 13 = -0*i + 4*i. What is the tens digit of z/(-2)*(-1640)/(-15)?
6
Let w = -2111 + 3371. What is the units digit of w?
0
Let v = 59 + -51. Let w be (-1 - -4)*2/3. Suppose -v = w*x + 2*x, 5*x + 78 = 2*u. What is the tens digit of u?
3
Let m(h) = h + 6. Let b be m(7). Suppose -12 = -4*i - 4*s, 0*s + s - b = -3*i. Suppose -3*d = -i*d + 50. What is the tens digit of d?
2
Let p(m) be the second derivative of 3*m**4/4 + m**3/6 - 5*m**2/2 - 21*m. What is the units digit of p(-4)?
5
Let p be -1*4*(-12)/3. Suppose -p*c - 108 = -18*c. What is the tens digit of c?
5
What is the hundreds digit of 11/(-13) + 1 - (-28785)/65?
4
Let j = -2538 + 2669. What is the hundreds digit of j?
1
Suppose -2*l = -3*n - 33, -24 = -3*l - 0*l - 4*n. Let g = 4 + l. What is the tens digit of g?
1
Let y(k) be the third derivative of k**5/60 - k**4/8 - 5*k**3/2 - k**2. Let d = 173 + -179. What is the units digit of y(d)?
9
Suppose 4*i - 4 = -m, 3*m = -2*i + 5*i - 3. Let h be (i + -2 + 2)*2. Suppose -3*t - 5*a + 28 + 15 = 0, 0 = 3*t - h*a - 8. What is the units digit of t?
6
Suppose -6308 = 87*j - 89*j. What is the hundreds digit of j?
1
Suppose 4*m = 14*m - 300. What is the units digit of 545*((-78)/m + 3)?
8
What is the hundreds digit of 139 + -139 + (2280 - -1)?
2
Let l be 7 - 6 - -1366*(0 + 1). Suppose q = -v + 257, 5*q - 102 = 5*v - l. What is the units digit of v?
5
Suppose s - 3 = 0, 227 = 2*z - s - 224. What is the tens digit of z?
2
Suppose 6*y = 2*y + 64. Let i(n) = n**2 - 15*n - 13. Let m be i(y). Suppose -m*f + 63 = -2*f. What is the units digit of f?
3
Suppose 6978 = 10*s - 48542. What is the thousands digit of s?
5
Let m be (-18920)/(-66) - (5/3 - 2). Suppose -m = -4*y - 79. What is the tens digit of y?
5
What is the tens digit of 10/12 + 2375/30?
8
Let i(z) = 287*z**2 - z - 1. What is the tens digit of i(-3)?
8
Suppose -i = 8*i - 18. What is the units digit of 30 + (5/(5/i) - 2)?
0
Suppose u - 3 = -2. What is the units digit of 49 + -2 + (u - -2)?
0
Let r(l) = -2*l - 17. Let t be r(-9). What is the tens digit of (t - (-1 - -4))/(39/(-1326))?
6
What is the hundreds digit of (54 + 0)*(10 + 0)?
5
Suppose 0 = 3*i - 505 - 191. Let m = i - 148. Suppose 2*d + 2*b = -d + 63, 4*d - 2*b = m. What is the units digit of d?
1
Let v(q) = q**2 + 11*q + 54. What is the tens digit of v(11)?
9
Let g = 1927 + -923. What is the hundreds digit of g?
0
Suppose 3*f - 4*f = -9. Let j be -4 + (4 + 0)/(-1). What is the units digit of f/(-36) - 242/j?
0
Suppose 0 = -5*t + 15, -2*t = -b + 2*t + 358. What is the tens digit of b?
7
Let d be (-3)/(-3) - (-1 + 3 + 0). What is the units digit of ((9/6)/(-1))/(d/62)?
3
Let m(n) be the first derivative of n**4/4 + 11*n**3/3 - n**2 - 17*n - 34. What is the tens digit of m(-10)?
0
Let j = -85 - -118. Let t = j + -28. What is the units digit of t?
5
Let j = 66 + -63. Suppose z = -j*z + 588. What is the units digit of z?
7
Suppose -168 = -2*i - 4*w + 3*w, -3*w + 84 = i. Let h be -3*(i/3)/(-4). Suppose 0 = -2*x + h + 59. What is the units digit of x?
0
Let x(z) = 11*z**2 + 23*z + 5. Let b(s) = 5*s**2 + 12*s + 2. Let a(g) = -9*b(g) + 4*x(g). Let m be a(-11). Let n = m - 26. What is the tens digit of n?
3
Suppose -12 = -35*z + 31*z. Suppose -u - b - z*b = -105, b = -5*u + 487. What is the tens digit of u?
9
Let t be 2 - 0*(-2)/4. Suppose v = 1 + t. What is the units digit of ((-36)/(-30))/(v/190)?
6
Let t(s) = -64*s + 12 + 44*s - 2. Let w be t(3). Let p = w - -89. What is the tens digit of p?
3
Let o = 169 - -154. Suppose j + 0*j + u - 154 = 0, 0 = 2*j - 3*u - o. What is the hundreds digit of j?
1
Let m(l) = 3*l - 1. Let r(k) = -k**3 + 13*k**2 - 11*k - 13. Let i be r(12). Let q be m(i). What is the units digit of (-4 - -10)*q/(-24)?
1
Suppose 26*k - 3*l + 269 = 28*k, -2*l = -4*k + 530. What is the units digit of k?
3
Suppose -12 = 4*k - 40. Suppose -k*i + 2*i = -430. What is the units digit of i/4*(2 + 0)?
3
Suppose -4*q = -3*v - 20, 3*v = -5*q - 1 - 1. Suppose 0 = -0*d - q*d + 10. Suppose -3*u + 3*g + 90 = -12, 108 = 3*u - d*g. What is the units digit of u?
1
Suppose 0 = 2*b - 2 - 0, -5*q - 5*b + 15 = 0. Suppose -149 = -q*a + 395. What is the tens digit of a?
7
Let a(b) = 3*b**2 + 7*b - 7*b**2 - 6 + 8*b - 6*b**2. Let o(t) = 7*t**2 - 10*t + 4. Let g(f) = 5*a(f) + 7*o(f). What is the units digit of g(2)?
4
Suppose -401 = 5*q - 6*q. What is the units digit of q?
1
Let l(p) = -6*p**2 - 2*p - p**3 + 5 - 3*p + p. Suppose 0 = g - 44 + 50. What is the tens digit of l(g)?
2
Suppose 15*j - 1200 = -2*y + 13*j, -3 = -j. What is the tens digit of y?
9
Let z(p) = p**3 - 6*p**2 + 4*p + 5. Suppose -3*f = -5*j + 1, -j - j = -2*f + 2. Suppose f*a = 2*a + 6. What is the units digit of z(a)?
9
Suppose 2*v = -3*v + 25. What is the tens digit of (-75)/10*(-32)/v?
4
Let z(s) = s - 1. Let d be z(-1). What is the units digit of ((-201)/12)/(d/24)?
1
Let y be (8 - 3) + -4 + 2. Let b(z) = -z. Let f be b(-3). What is the tens digit of -1 - (y + -49 + f)?
4
Let p be (-3 + -1)/(2/(-13)). Suppose -53 = -4*u - 3*g, 3*u - p = g + 4. What is the units digit of u?
1
Let j be ((-9)/(-27))/(2/138). Suppose -j = -r - 3. Let f = r - 17. What is the units digit of f?
3
Let v(f) = f**2 - 8*f + 10. Let c(z) = 2*z**3 + 7*z**2 + z + 1. Let k be c(-3). Let l be v(k). Suppose l*r = 16 + 17. What is the tens digit of r?
1
Let i(s) = -s**3 + 2*s**2 - 2*s + 1. Let b = 7 - 6. Let p be i(b). Suppose -5*r + 73 = -f - p*f, -2*r = -5*f - 43. What is the tens digit of r?
1
Suppose -l = -p + 3, -4*l - 3 - 9 = 4*p. Suppose p = -5*d + 2*t + 1243, -5*d + 102 = 3*t - 1146. What is the tens digit of d?
4
Let l(g) = -g**3 - 35 + 6*g**2 + 7*g**2 + 46. Let h be l(13). Let x = h + 3. What is the tens digit of x?
1
Suppose -j = -1 - 8. Let i = j - -14. What is the units digit of i?
3
Let q(b) = -b**2 + 4*b + 3. Let s be q(4). What is the hundreds digit of s*5/15*184?
1
Let i(g) = g**3 + 7*g**2 + g + 11. Let d be (8/16)/(1/8). Suppose -11 = y - d. What is the units digit of i(y)?
4
Suppose 0 = -3*k - k - 8. Let m(s) = -s**3 - 4*s**2 - 3*s - 1. Let y be m(k). Let t = 6 - y. What is the units digit of t?
9
Suppose -2*k - 2*f - 372 = -7*k, 4*k = -f + 308. Suppose 5*c = 2*c + x + k, -2*x = 2. Suppose 0 = -2*l + s + c, -12 = 2*s - 2. What is the units digit of